?
39
Calculate (-2 - -14) + (-17 - ((-20 - -12) + -11)).
14
Evaluate -59 - 23 - 13 - (1 - -9 - 16).
-89
What is the value of -6 + (-11 + 90 - 29)?
44
Evaluate -6 + (-12 + (-8 - -27) - 2).
-1
What is the value of 62 + 54 + (-23 - 138)?
-45
35 - (-4403 + 4371 - (-211 - 0))
-144
What is the value of -2 - (20 + -2 - (-227 + 284) - (11 - 1))?
47
What is the value of 29 + (-8 - -35) + -23?
33
-14 - (20 + 87 + -150)
29
(15 - 5 - (1 + 22)) + 5 - 13
-21
What is 2 + -5 + 3 + (100 - 7 - (-3 - -32))?
64
What is the value of -28 + 18 + (12 - -32)?
34
(1 + 12 - 36) + 19 + -41
-45
Calculate (2 + -1 - -4) + ((3 - -24) + 6 - 91).
-53
(-1 - 37) + (82 - 33 - 117 - -54)
-52
Evaluate -5 - (-12 + (22 - -1)) - -1.
-15
What is the value of 25 + -10 + (12 - -1) + 9 + 7 + -22?
22
Evaluate -17 + 0 + 35 + (36 - 60 - 15).
-21
Evaluate -14 + (7 - ((-2 - 61 - (36 - 22)) + 11)).
59
What is (318 - (316 - 57)) + (23 - (2 + -1))?
81
Calculate -107 + 109 - (1 - 16) - 38.
-21
Calculate 48 + (-2 + -3 + (-16 - 14) + 32 - -3).
48
What is the value of -8 + (-8 - -34) + -20?
-2
Evaluate -72 + (21 + 15 - 20) + -20.
-76
Calculate (-22 - -61) + 0 + 1 + (13 - 3) - -12.
62
(-186 - -195) + (-3 - -18) - 26
-2
Evaluate (-13 - -82) + -36 + -64.
-31
1 + 0 + -4 + -1 - (-109 + 181 + 17)
-93
What is (19 - 3 - (-2 + 90)) + (-5 - -3) + 1?
-73
0 - 52 - (1348 + -1384)
-16
-47 + -18 + 14 + 11
-40
Evaluate 60 - 35 - (13 + 9 + -9).
12
What is 14 + -30 + 22 + -41?
-35
What is (362 - 389) + 3 + -26 + -1?
-51
Evaluate (-36 - -65) + 64 - 202.
-109
-19 + 119 + -16 - (-1 - 9) - 18
76
What is (-86 - (-53 + 9)) + 84?
42
What is 7 - -13 - ((36 - (6 + 5)) + -14)?
9
-6 + -1 + (14 - 35) + 15 + -4
-17
Evaluate (-11 - 4) + 2 + -17 - (-5 + 3 + 4).
-32
What is the value of (-22 - 1) + (-15 + 9 + 16 - 73)?
-86
What is the value of -70 + (31 - (-12 - -42)) + -16 + (-2 - -7)?
-80
64 + 3 + -27 + -66
-26
Evaluate -5 - (7 + -1 + -8) - -2 - (19 - 7).
-13
What is (5 - 3) + -113 + 3 - (1557 + -1570)?
-95
Calculate -43 + 70 + -22 + 15 + 4 + 2.
26
Calculate 18 + (176 - 52) + -42 - (1 + 2 + -2).
99
Evaluate 17 + (-74 - (44 + -39)) - 27.
-89
Evaluate (57 - -2 - 2) + (-20 - (-89 - -79)).
47
Calculate -49 + 47 + (-10 - -5).
-7
Calculate -91 - (77 - (-124 - -326)).
34
Calculate (115 - 303) + 192 - (26 - 3).
-19
(-1 - ((-27 - 24) + 19)) + 16
47
What is the value of -58 + -26 + 84 - 39?
-39
What is 53 - 0 - ((31 + -22 - -12) + -16)?
48
Calculate 2 + -75 - (108 - 256).
75
What is the value of 30 + (-34 - -18) + (92 - 147)?
-41
What is -3 - 15 - 18 - 9?
-45
What is the value of 41 - (-90 - -104 - -58)?
-31
What is the value of -72 - (-17 + (54 - 18) + -15) - 7?
-83
What is -22 - (7 - (-17 - (-11 - 45)))?
10
What is -61 + (0 + -8 - (20 + 0 + -27))?
-62
What is the value of 2 - (-1 + -8) - (-783 - -700)?
94
What is -24 + -1 + (24 - 2 - (-11 + 20))?
-12
18 + (30 - (-11 - -27) - 25 - 7)
0
1 + 20 - (33 + -9 + -50)
47
Evaluate -83 - (-383 + 422 - (1 - -33)).
-88
What is 30 + (85 - (0 + 67))?
48
What is 49 + 14 + -42 + 8 + 16?
45
What is (-3 - (-1 + 7 - 3)) + (-61 - (-107 + 68))?
-28
Calculate 37 - (-1 - -39) - (17 + -3).
-15
What is the value of (8 - (11 - 6)) + (-6 - (8 + -3)) - -50?
42
What is the value of 7 + -105 + (42 - (85 - 32))?
-109
What is (-2 + 24 + -11 - -62) + (10 - (0 + 15))?
68
What is the value of (7 - 7 - 1) + -3 + -35 + 30?
-9
1 + -87 - ((8 + 66 - 50) + -15 + -1)
-94
What is (43 - 18) + 37 - 112?
-50
Evaluate -3 + 21 + (24 - 28 - -75).
89
9 + (-3 + 41 - (-1 + 4 + 5 - 6))
45
What is the value of (18 + 22 - -2) + -76 + -50?
-84
Calculate 17 + 0 + (3487 - 3453).
51
What is the value of (3 - 3) + -70 + (-4 - -41) + -9?
-42
160 + (30 - 184) - 45
-39
Calculate 24 - (-137 + 148 - (16 - -1)).
30
Calculate 1 + (30 - 10 - 16 - (1 + -9)).
13
What is the value of (49 - 15) + -17 + -16 - (60 - 8 - 3)?
-48
What is (-20 + 22 - 14) + (12 - -15)?
15
What is the value of -13 + (-17 + 0 + 5 + -2 - -11)?
-16
What is (-110 - -143 - (-1 - -27)) + -3?
4
-28 + (34 - (66 + -63)) - (1 + 10)
-8
Evaluate 11 + (12 - 9) + -16 + -3 - 14.
-19
Evaluate ((-7 - 52) + 70 - (-3 - 1) - 43) + -2.
-30
Calculate -8 + -57 - (419 + -480).
-4
(25 - 0) + (-138 - (26 - (-23 - -115)))
-47
Evaluate 25 + (-19 - (-19 - -13)) + (4 - -6).
22
What is the value of -439 + 387 + 30 + 1?
-21
(42 + -21 - 14) + (6 - 126 - 3) + -1
-117
-22 + -57 + 6 - (18 - 40)
-51
(-43 + 26 - -12) + -6 + (-25 - (-1 + 3))
-38
What is (-1 - (-1 - 43)) + (-126 - -129) - (316 + -318)?
48
Calculate 205 + (-19 + 103 - 218).
71
What is (-4 + -21 + 24 - 20) + 116 + -1 + -11?
83
Calculate 14 - (85 - 123) - (1 + -3).
54
Calculate 21 + -45 + -7 - (1 + -6 + 12).
-38
Calculate -12 - (18 - -1) - 17 - (6 - (5 + -3)).
-52
What is the value of -85 + -11 + -11 + -9 + 20 + 18?
-78
What is (212 - 299 - (-1 + -20 + -2)) + 5?
-59
15 - 95 - -13 - (338 - 363)
-42
What is 4 - (-11 - -2 - -4 - 20 - (8 - 0))?
37
-8 - -5 - (23 + (-24 - -16))
-18
What is the value of -15 - (-156 + 156 + (4 - 24))?
5
What is 69 - (215 - (180 - 91))?
-57
Calculate -36 - -127 - (-9 + (1 - (-7 + 14))).
106
51 - 9 - 99 - 9
-66
-16 - ((10 - (4 + 7)) + 22)
-37
What is the value of (-22 - (-12 + (12 - 12))) + -13 + 48?
25
What is the value of (-48 - (-99 - -45)) + 28?
34
Calculate 44 - (9 - -72) - -39.
2
Calculate 21 + -1 + -2 - (-84 + 64).
38
What is -15 + (20 - 33) + 31?
3
Evaluate -42 - 9 - -32 - -112.
93
Evaluate -31 + -21 + -3 + (-28 + 17 - -22).
-44
What is -6 - 4 - (46 - 62) - -13?
19
-136 + -1 + -282 + 356
-63
What is the value of (1580 - 1592) + 8 + -1 + -1 - 29?
-35
What is 12 - (748 - 760 - (3 - (4 + (-1 - -146))))?
-122
-4 + (0 - -6) - (72 + -131)
61
-13 + 42 + (266 - 373)
-78
(-37 - -3) + 57 - ((-4 - -9) + -19)
37
-5 + 0 - 0 - (350 - 297) - (220 + -221)
-57
What is 0 + 55 - (26 - (-20 + (23 - (-4 + -20))))?
56
-22 - (-3 - -1) - (100 + -125)
5
Evaluate (558 - 534) + (18 - (2 - 5)).
45
What is the value of 427 - 463 - (-7 - 14)?
-15
-1 + -2 - (-93 - (22 - 23) - -11) - 6
72
Calculate 8757 + -8777 + (29 - (2 + -1)).
8
What is -74 - 9 - (131 + -228)?
14
Evaluate 27 - (250 + -244 + (-1 - 2)).
24
Evaluate 14 - ((62 + 19 - 94) + 103 + -2 + 0).
-74
What is the value of 6 - 1 - (5 + (-16 - (-23 - 15)))?
-22
106 + -133 + -2 + 9 + 3
-17
What is the value of (2085 - 2069) + (1 - 33)?
-16
6 + (-12 - -2) - ((16 - 2) + -2)
-16
30 + (-165 - -201) + (-2 - 19)
45
Evaluate (46 - 55) + (-1 - -1 - -32 - -2).
25
Evaluate 75 - (142 - (-14 - -72)).
-9
What is 785 - 792 - (-10 - 0) - -23?
26
Calculate -3 + (-19 + -2 - -25) + -3.
-2
(-4 - -76) + -45 - 37
-10
(-5 + 2 - (-23 - -4 - 45)) + (1 - 4)
58
Evaluate (6 - 0) + (-30 + 16 + 17 + 28 - -5).
42
What is 27 - 21 - (68 - 1) - (-62 - -43)?
-42
16 + (74 + -79 - (-3 + 15))
-1
Evaluate -58 - (29 + -61) - (15 - -1).
-42
Calculate (81 - (11 - -2)) + -4 - (1 - -5).
58
Calculate -8 + 115 + 90 + -277.
-80
39 - (0 - (-9 + 30))
60
Calculate (69 - 97 - -128) + 38.
138
Calculate -6 + (-6 - -131 - 14) + (6 + 2 - 2).
111
98 - 50 - 13 - 34
1
What is (-2 - -2) + -67 + (-57 - -117)?
-7
What is 5 - (12 - (-10 + (6 - 6) + 13))?
-4
Evaluate (-5 - 11) + (8 - -20) - 12.
0
Evaluate -750 + 815 - (98 + 7).
-40
Calculate -1 + 45 - (3 - 1) - (-16429 + 16440).
31
What is 12 + (7 + -8 - -2) + -59 + (-7 - -1)?
-52
What is -16 + -24 + 56 + 0 + 13?
29
What is (-12 - (57 - 39)) + 44 + 1 + 27?
42
What is the value of -1 - (72 - (13 + 20))?
-40
Calculate -23 + (-3 - (-21 - (-12 - -46))).
29
What is the value of (34 - (-44 - -15)) + 49?
112
(70 - 24) + -89 + 108
65
What is 6 - ((109 - 62) + 2)?
-43
Calculate -76 + (-4 - (0 + 8 + -22)).
-66
Calculate 189 - 39 - 110 - 27.
13
What is 4829 - 4902 - (-75 - -2)?
0
(46 - (76 - 124)) + -81
13
What is (2 + -44 - -82) + -23 + (1 - 15)?
3
8 + -80 + (53 - -51)
32
Calculate -3938 - -3828 - (2 + -18).
-94
Evaluate (25 - 45) + -87 - (-22 + 0 - -4).
-89
Evaluate 145 - ((182 - 50) + -59).
72
Evaluate (-29 - -9) + 22 + 11 - -40.
53
What is the value of -41 - (-41 + -14 - -27 - 4)?
-9
What is 8 + (8 + 2 + 0 - 19) + 40?
39
What is the value of 12 + (111 + -16 + -8 - (16 + -13))?
96
Evaluate (52 - (-29 - -53 - -1)) + (3 - -1).
31
13 + 86 + (-16 - (-50 + 46 + -4 + 1))
90
What is -130 + 108 + 37 - (65 + 0)?
-50
Calculate 82 + (-126 + 117 - (22 - -1)).
50
62 - (-1 + -3 + 2 + 5 + -286 + 282)
63
Calculate 7 + -66 + -2256 + 2387